prime factors of z?
5, 653
Suppose 13*v + 17*v - 120 = 0. Suppose -796 = -4*q - 5*o, v*q + 34*o - 796 = 36*o. What are the prime factors of q?
199
Suppose -268*q = -3600643 - 982157. What are the prime factors of q?
2, 3, 5, 19
Let w = -472 - -1276. Let r be w/(-30) - (-12)/15. What are the prime factors of (-1 - r)*(-6 - -8)?
2, 5
Let h(c) = 7*c. Let j(k) = -29*k + 2. Let l(m) = 2*h(m) + j(m). Let t(r) = -r**3 - 8*r**2 - 6*r - 5. Let x be t(-7). List the prime factors of l(x).
2, 7, 13
Suppose 0 = -70*i + 71*i - 4. Suppose -4 = 4*v + 2*n, 0 = -i*n + 5 - 13. Suppose v = 5*t - 249 - 611. What are the prime factors of t?
2, 43
Let b(p) = -16 + 4*p - p**3 + 14*p + 24*p**2 - 24. List the prime factors of b(24).
2, 7
Suppose 0 = 252*u - 64*u - 201525 - 435419. List the prime factors of u.
2, 7, 11
Suppose -4*x + 19330 = 3*k, 0 = -4*x + 586 - 594. List the prime factors of k.
2, 11, 293
Let a be ((-16)/(-10) - 2) + (-144070)/(-50). Let z = a + -1144. List the prime factors of z.
3, 193
Let r be ((-2)/(-6))/((-8)/(-744)). Suppose 33*u - 542 = r*u. List the prime factors of u.
271
Suppose 10*c + 4 = 11*c, 2*c = -4*l + 28. Suppose l*a - 365 - 510 = 0. What are the prime factors of a?
5, 7
Let l = 218 - 198. List the prime factors of 30*-12*(-3)/l.
2, 3
Suppose -5*x = -3*x + 346. Let y = x - -34. Let z = -70 - y. List the prime factors of z.
3, 23
Let k(d) = -d**3 - 17*d**2 + 5*d - 39. Suppose -a + 46 = -3*n + 4*n, 0 = -4*n + 20. Let t = a - 59. What are the prime factors of k(t)?
3, 5, 13
Let j = 46 - -34. Let l = -19 + 59. Let s = j - l. List the prime factors of s.
2, 5
Suppose 0 = 49*w - 303650 - 186987. What are the prime factors of w?
17, 19, 31
Let b = 26799 - 5395. List the prime factors of b.
2, 5351
Suppose -384 = 11*s - 35*s. Suppose s*y = 27*y - 5632. List the prime factors of y.
2
Let u(g) = 2*g**3 - 9*g**2 - g - 18. Let v be u(5). Let a(z) = 45*z**3 - z**2 + 13*z - 21. List the prime factors of a(v).
19
Suppose 5*z = 791 + 2364. Let x = z + -132. List the prime factors of x.
499
Suppose -5*t = 2*d + 3*d - 5955, -d + t = -1187. Suppose -3*i + 3075 = 3*j, -d = -2*i + j + 858. What are the prime factors of i?
2
Suppose 4*f = -3 + 19. Let b = -4081 - -4083. Suppose b*u + v - f*v = 95, 0 = 2*u - 2*v - 94. List the prime factors of u.
2, 23
Let l(o) be the second derivative of 4*o**3 - 1/12*o**4 + 0 + 17/2*o**2 + 20*o. What are the prime factors of l(13)?
2, 5
Suppose 4*t = 4*o - 105488, -128*t = -123*t - 35. What are the prime factors of o?
3, 977
What are the prime factors of 10844 + (18/8 - 5/4)?
3, 5, 241
Let y(v) = -v**2 - 13*v + 50. Let j be y(-16). Suppose 5*x + 111 = j*x + 2*u, -3*x + u = 108. Let d = 92 + x. What are the prime factors of d?
3, 19
Let w(v) = 23*v - 56. Let k(d) = -47*d + 111. Let o(m) = 4*k(m) + 7*w(m). What are the prime factors of o(-6)?
2, 107
Let d be -2 - (-1 + 85)*8/24. What are the prime factors of (39/52 + (-118)/8)*d?
2, 3, 5, 7
Suppose 12*x = 15*x + 987. Let n = x + 355. What are the prime factors of n?
2, 13
Let c = 39960 - 18317. List the prime factors of c.
23, 941
Suppose -24*m - m + 9*m = -282688. What are the prime factors of m?
2, 7, 631
Let d be (1 - (0 - -2))/(-1). Let g(n) = 71*n. Let c be g(d). Suppose 2*m - 33 + 4 = -f, c = 5*m + 3*f. List the prime factors of m.
2
Let d = 2395 + -2351. Let b be (6/8)/((-1)/(-336)). Suppose 0 = i + 2*p + d - b, -2*p - 8 = 0. What are the prime factors of i?
2, 3
Let x = -1421 - -2168. Suppose -3*f + 866 = 2*n - 257, n - x = -2*f. List the prime factors of f.
7, 53
Let d(r) = r - 11. Let u be d(7). Let y be 3 - -398*u/8. Let p = -99 - y. List the prime factors of p.
97
Let k(j) = 2*j**2 - 10*j - 19. Let s be k(9). Let w(i) = i**2 - 41. Let p be w(0). Let f = s + p. What are the prime factors of f?
2, 3
Let g = 307 - 233. Suppose -x = -3*x + g. What are the prime factors of x?
37
Suppose 0 = -n - 364 + 83. Let w = -39 - n. What are the prime factors of w?
2, 11
Let o be (-27)/(-15) - 1/(-5). Let u be (-2)/(4*o/132). Let d = 33 - u. What are the prime factors of d?
2, 3, 11
What are the prime factors of (6*(-6)/60)/(1/(-41415))?
3, 11, 251
Let g = -90770 + 160431. What are the prime factors of g?
69661
Let b be -4 - 41 - (-3 + 0). Let m = 43 + b. Let o = 97 + m. List the prime factors of o.
2, 7
Suppose -41520 = 72*j + 76*j - 172*j. What are the prime factors of j?
2, 5, 173
Suppose -1923*x = -1927*x + 3*z + 273995, -5*x = 2*z - 342511. What are the prime factors of x?
68501
Let m(z) = -z**2 + 20*z - 22. Let n be m(13). Suppose 4*c = -k + n - 244, 2*c + 5*k + 65 = 0. What are the prime factors of (-2 + 0)/(6/c)?
3, 5
Suppose -124 - 319 = -x + r, 3*x - 5*r = 1323. List the prime factors of x.
2, 223
What are the prime factors of -1 - -6 - (-19)/3*(-5392428)/(-706)?
101, 479
Suppose a + 0*a = 4. Suppose 4 = t - a*q + 8, -2*q + 2 = 5*t. Suppose -c + 3*m + 14 = -133, 5*c + 4*m - 678 = t. What are the prime factors of c?
2, 3, 23
Let y = 13 + 12. Suppose y*w = 16189 - 1814. List the prime factors of w.
5, 23
Let o = 4172 - 2392. List the prime factors of o.
2, 5, 89
Let u be ((-3)/(-6))/(1/(-282)). Let v(y) = -5*y**2 - 19*y - 85. Let k be v(0). Let n = k - u. What are the prime factors of n?
2, 7
Suppose 0 = -3*t - 12145 - 10436. List the prime factors of t/(-52)*(1 + 5/3).
2, 193
Suppose 0 = -g + 5. Suppose -h - 8*v = -4*v - 771, -5*h = g*v - 3825. What are the prime factors of h?
7, 109
Let r be (2 - -14)*(-6)/8. Let o be 1*2 - (r - (-15)/(-5)). Suppose u - 5*x = o, u - 12 = x + 1. What are the prime factors of u?
2, 3
Let h be (-2)/10 + -76*1/(-5). Suppose -h*k - 16 = -17*k. List the prime factors of k.
2
Let j(v) be the second derivative of 3*v**4/4 - 5*v**3/6 + 3*v**2/2 - 137*v. What are the prime factors of j(11)?
17, 61
List the prime factors of 2/(2*-7) + 262520/140 + 3.
2, 3, 313
Suppose -12*n = -3*n + 72. Let m(d) = 5*d**2 + 17*d - 24. List the prime factors of m(n).
2, 5
Let v = -601 + 584. List the prime factors of ((-26)/(-10) - 3)/(v/595).
2, 7
Suppose -87192 = -2621*d + 2609*d. List the prime factors of d.
2, 3, 7, 173
Let c = 112 - 146. What are the prime factors of (-2363)/c*(5 - 3)?
139
Suppose 44 = -6*u + 14. Let v be (-1 - 2) + 532 + -5 + 8. What are the prime factors of 2/(-5) - v/u?
2, 53
Let d = -59 + 228. List the prime factors of (2 - (3 + 1)) + d.
167
Let t = -47 - -34. Let u = t + 15. Suppose -3*q + 61 = u*a - 165, -4*q + 5*a = -263. What are the prime factors of q?
2, 3
Let h(z) = 2531*z + 1082. What are the prime factors of h(9)?
107, 223
Let r(n) = 89*n**2 + 214*n**2 + 28 - 27 + 4*n + 14 + 4*n. List the prime factors of r(-2).
7, 173
Let p(h) = 30820*h**2 - 63*h + 63. List the prime factors of p(1).
2, 5, 23, 67
Suppose 15*j - 87720 = -j - 23368. List the prime factors of j.
2, 2011
Suppose s - 116 + 35 = 0. Suppose 260 = -86*i + s*i. Let u = i - -130. What are the prime factors of u?
2, 3, 13
Suppose 2*m = -i + 74511, -291480 = -5*m - 3*i - 105202. What are the prime factors of m?
5, 7451
Suppose 3*k = 5*g - 10, 2*k - 10 + 46 = -4*g. What are the prime factors of 0 - (k/(-6))/(16/(-8880))?
5, 37
Let u(w) = 377*w**2 + 2*w + 1. Let y be u(-1). Suppose -b - y = -5*b. Suppose p - b = -55. What are the prime factors of p?
3, 13
Let t(m) = 161*m**3 + 7*m**2 + 23*m - 11. What are the prime factors of t(7)?
2, 3, 4643
Let u be (-6)/2 - (14/(-2) + -1675). Suppose 997 = 6*o - u. List the prime factors of o.
2, 223
Let f = -18 - -398. Let o = -175 + f. Let h = -142 + o. What are the prime factors of h?
3, 7
Let o(a) be the third derivative of a**6/120 + 11*a**5/60 + 5*a**4/8 + 14*a**3/3 + 2*a**2 - 24. List the prime factors of o(-8).
2, 5
Let k be (3 - (-60)/(-8))*-2. Suppose 65 = k*z + 1298. List the prime factors of z*4/(-12) + 2/6.
2, 23
Let v(p) = 176*p - 30. Let g(i) = -8*i + 87. Let m be g(10). What are the prime factors of v(m)?
2, 601
Suppose 2841 = 5*v + 3*r, v - 6*v - 2*r + 2844 = 0. Suppose -4*q + v + 578 = 0. List the prime factors of q.
7, 41
Let z = 22640 - 11487. What are the prime factors of z?
19, 587
Let b be 32/4 - (-2 + 1 - -1). Let w be 8/2*2*b. Let y = 201 - w. What are the prime factors of y?
137
Let q = -210 - -210. What are the prime factors of q + 5*4 + 2/(-1)?
2, 3
Suppose 7*s = 3*s + o - 87, -2*s - 2*o = 56. Let t = s - -